-127 + 7 = -4*p. Calculate the remainder when t is divided by p.
27
Let d(c) = 4*c - 42. Calculate the remainder when 137 is divided by d(12).
5
Let a(x) = 9*x**2 + x - 4. Let s be a(-2). Let c = 34 - s. Calculate the remainder when 7 is divided by c.
3
Suppose 0 = -60*t - 9*t + 1242. What is the remainder when t is divided by 4/(-2*(-1)/3)?
0
Suppose -5*y = -48*k + 43*k - 1445, -3*y + 907 = 5*k. What is the remainder when y is divided by 82?
48
Suppose 239 = 4*m - x, -5*m = -4*x + 29 - 314. Let v = 217 + -111. Let w = v - m. Calculate the remainder when w is divided by 12.
9
Let v = -1353 + 1370. Calculate the remainder when 192 is divided by v.
5
Let h = 16 - 10. Let z = -581 + 608. What is the remainder when z is divided by h?
3
Let g = 438 + -424. What is the remainder when 25 is divided by g?
11
Let b = 2 - -10. Suppose -4*p + 7*p + 5*n = b, -5*n = 15. What is the remainder when 33 is divided by p?
6
Suppose -3*g - 39 + 12 = 0. Let y = g + 27. Calculate the remainder when 423/4 + (-3)/(-12) is divided by y.
16
Suppose -29*d - 81 = -32*d. What is the remainder when d is divided by 17?
10
Suppose 0 = 3*a + 15, 16*a - 14*a + 1 = p. Let t(j) = 4*j + 41. Calculate the remainder when t(p) is divided by 2.
1
Let j(c) = -c**2 + 4. Let t be j(0). Suppose -5 = t*g - 125. Let y(s) = -8*s + 208. What is the remainder when g is divided by y(25)?
6
Let m(o) = 2*o**2 + o**2 - 1 + 7*o - 6*o. What is the remainder when m(-2) is divided by 34/6 - 2/(-6)?
3
Suppose 56*r - 59*r + 27 = -2*q, 2*q = -5*r + 45. Calculate the remainder when 23 is divided by r.
5
Let i(d) = d**3 + 3 - 3 + 6*d**2 + 5*d + 6. Let n be i(-5). Let g(m) = m**3 - 4*m**2 - m - 7. Calculate the remainder when g(n) is divided by 20.
19
Let n(k) = 25*k - 22. What is the remainder when n(9) is divided by 46?
19
Suppose 0 = 2*g - g - 23. Calculate the remainder when (18/15)/1*(-600)/(-16) is divided by g.
22
Let s(a) = 17*a - 59. Calculate the remainder when s(5) is divided by 15.
11
Let s be (3/(-6))/(1/4). Let c(g) = 5*g**2 + 3*g. Calculate the remainder when c(s) is divided by 42/(-63)*2/(-4)*18.
2
Let i = -370 - -474. Calculate the remainder when i is divided by 30.
14
Suppose -103*f + 95*f = -176. What is the remainder when 103 is divided by f?
15
Suppose -j - x = -5, 5*x + 22 + 1 = 3*j. What is the remainder when 236 is divided by j?
2
Let q = 57 - -7. Suppose -3*k + q = k. Suppose 4*p - 53 = 5*s, 5*p + s = 2*p + k. Calculate the remainder when 11 is divided by p.
4
Let w(f) = -f**3 + 13*f**2 - f + 13. Let h be w(13). Suppose -o + 9*o - 24 = h. What is the remainder when 50 is divided by o?
2
What is the remainder when 430 is divided by (-9)/(12/72*(-2)/2)?
52
Let p = -17 - -41. Suppose -3*r = r - 4*x - p, -2*r - 3*x = -12. Suppose 4*v - r*v = -22. Calculate the remainder when v is divided by 7.
4
Let f(w) = -w + 8. Suppose 2*u + 3 = 3*u. Let x be f(u). Calculate the remainder when -8*((-140)/16)/x is divided by 4.
2
Suppose 9*i - 26 = 487. Calculate the remainder when 237 is divided by i.
9
Suppose 6*r - 2*r - 80 = -5*k, 5*r = 25. Suppose 0 = -6*f + 9*f - k. What is the remainder when 4 is divided by f?
0
Let j(f) = -f**3 - 28*f**2 - 26*f + 37. Calculate the remainder when 15 is divided by j(-27).
5
Suppose -4*x + 17 = -3*k, -x - 9*k + 4*k = 13. Let h = -13 - -17. Calculate the remainder when x is divided by 2/(h/(-2)) - -2.
0
Let g(u) = -12*u**3 - u**2 + u - 1. Calculate the remainder when g(-2) is divided by 23.
20
Let t(y) = -y**2 + 6*y - 2. Let m = -39 - -42. Calculate the remainder when t(4) is divided by m.
0
Let o be 6/(-4) - 249/(-6). Suppose -5*x = -2*z + 30, 4*z - 5*x - o = 30. What is the remainder when z is divided by 13?
7
Suppose -133 = -4*m - 13. Let k = 38 - m. Calculate the remainder when k is divided by 3.
2
Let i = -400 + 405. Suppose -4*f + 2*f = 0. Calculate the remainder when i is divided by (0 - 0) + (2 - f).
1
Suppose 0 = 3*n + 9 - 45. Suppose 5*h = -3*a + 14, 5*h - h = -2*a + n. Calculate the remainder when 7 is divided by h.
3
Suppose -4*i + 2*w + 119 = -257, -3*i + 283 = -2*w. Calculate the remainder when i is divided by 32.
29
Let k = -17 + 32. Let r(b) = b**3 - 9*b**2 - 10*b - 1. Let q be r(10). What is the remainder when q*2 + (28 - -3) is divided by k?
14
Suppose 5*i = 2 + 28. Let v be -3 + i*(-1)/(-2). Suppose v = 7*j - 2*j - 75. Calculate the remainder when j is divided by 8.
7
Suppose 3*o + g - 232 = 0, 41*g - 44*g = -2*o + 162. What is the remainder when 259 is divided by o?
25
Let t(p) = 3*p - 19. Suppose -2*o = f + 6, 6 = o + 5*f - 0. Let j(h) = -7*h + 39. Let q(l) = o*j(l) - 9*t(l). What is the remainder when 43 is divided by q(0)?
13
Let g = 1119 - 780. Suppose 2*j - 6*j = 5*a - g, a = -5. What is the remainder when j is divided by 16?
11
Suppose -d = -4*n + 4 - 17, -3*n = -5*d - 3. What is the remainder when 42 is divided by 13 + 2/(-3)*d?
12
Let v = 21 - -13. Suppose -v*c - 75 = -37*c. Calculate the remainder when c is divided by 9.
7
Let k(q) = 5*q + 17. Let m be k(-3). What is the remainder when 107/m + (-5)/(-10)*3 is divided by 19?
17
Suppose 2*l - 19 = 3*c, 2*l + 4*c = -2*l + 68. Suppose -4*k - 21 = 147. Let x = k + 81. What is the remainder when x is divided by l?
11
Suppose 13*h - 745 = -5*r + 18*h, -r = -5*h - 169. What is the remainder when r is divided by 58?
28
Let k be 4/(-3)*6/4. Suppose 254 = 15*v - 76. What is the remainder when 37 is divided by (k + 1)*(2 - v)?
17
Let z = 12 + 48. Suppose 0 = 5*m - z - 10. What is the remainder when 23 is divided by m?
9
Let b = 70 + -48. Suppose 7*x - 5*x = b. What is the remainder when (-3 - -2) + (-84)/(-4) is divided by x?
9
Suppose 0 = 2*x - 4*a, 2*a + 3*a - 2 = 2*x. Let l = 19 + 8. Let h = l - 13. What is the remainder when h is divided by x?
2
Let a = -2673 + 4855. What is the remainder when a is divided by 95?
92
Suppose 0 = 2*c + 6, 5*p - 477 = c - 2*c. What is the remainder when p is divided by 52?
44
Let c = -463 - -747. What is the remainder when c is divided by 18?
14
Suppose 3*t - 1192 = -1111. What is the remainder when 808 is divided by t?
25
Let q = 20 - 16. Suppose q*z - 64 = 2*b, -5*z + 64 = -2*b - 16. Let h = -3 - -9. Calculate the remainder when z is divided by h.
4
Suppose -216*w + 219*w = 0. Let q(d) be the second derivative of -d**5/20 - d**4/12 + 9*d**2/2 - 2*d. Calculate the remainder when 33 is divided by q(w).
6
Suppose 0 = -0*h - h + 18. Suppose -12 = -3*j - h. What is the remainder when 25 is divided by -28*1*j/4?
11
Suppose 2*d = -0 + 8. Calculate the remainder when 71 is divided by (d/(-10))/(9/(-540)).
23
Suppose 14*q - 313 + 33 = 0. What is the remainder when 188 is divided by q?
8
Suppose -k - 60 = -4*k - 5*g, 4*g + 3 = k. Calculate the remainder when 41 is divided by k.
11
Suppose 4*p + 0*p = 2*t + 14, -19 = -4*p - 3*t. What is the remainder when 2128/210 + p/(-30) is divided by 8?
2
Calculate the remainder when 296 is divided by (-456)/(-32) + (-55)/44.
10
Let k = 1 - -4. What is the remainder when (-28)/(-2) - (0 + 3) is divided by k?
1
Let b = 93 - 185. Let d = -35 - b. Suppose 4*j - 2 - 78 = 0. Calculate the remainder when d is divided by j.
17
Suppose 4*n + 91 = 3*l - 177, -3*n = -5*l + 465. What is the remainder when l is divided by 29?
9
Let l be -2 - (-23 + 4 + -2). Let i = 20 - l. Suppose -4*s + 5*b + 14 = 0, -2*s - 3 = s + 3*b. What is the remainder when i is divided by s?
0
Suppose 3*r + 11 = -5*n + 39, 3*n - 2*r = 32. What is the remainder when 47 is divided by n?
7
Let h = -19 + 0. Let a = 30 + h. Calculate the remainder when a is divided by 7.
4
Suppose 10 = -3*f - 2. What is the remainder when 3 - (-828)/30 - f/10 is divided by 12?
7
Let h = 83 + -266. Let g = h - -265. What is the remainder when g is divided by 21?
19
Suppose s = -3*s, 2*s + 796 = i. Let y be i/(-12) + (-2)/(-6). Let u = y - -99. What is the remainder when u is divided by 12?
9
Let x(v) = -3*v. Let k be x(-1). Suppose -k*y + 60 = y. Calculate the remainder when 59 is divided by y.
14
Suppose 52*y - 47*y + 300 = 0. Let k = y - -68. Calculate the remainder when k is divided by 7.
1
Suppose l - 17 = 5*i, l - 19 = -7*i + 11*i. What is the remainder when 81 is divided by l?
0
Suppose 0 = 39*b - 4078 + 412. Calculate the remainder when b is divided by 49.
45
Let u = 22 + -11. Supp